4*n + 256 = -213 + 253. Calculate the remainder when 82 is divided by n.
28
Let f = 40 - -24. Suppose -2*c + f + 2 = 0. Suppose 4*g - g - c = 0. What is the remainder when 20 is divided by g?
9
Suppose -12*z + 76 = 7*z. Suppose z*t = 15 - 43. Let q(a) = a**3 + 8*a**2 - 3*a - 14. What is the remainder when q(t) is divided by 21?
14
Let j = 11106 - 11043. Calculate the remainder when 1308 is divided by j.
48
Calculate the remainder when 397820/80 + (-45)/60 is divided by 7.
2
Let j(l) = l**2 - 12. Let k(v) = 43*v + 3126. What is the remainder when k(-72) is divided by j(-5)?
4
Let j = -21141 + 21284. Calculate the remainder when 4000 is divided by j.
139
Let p(d) = -2*d**2 + 28*d + 15. What is the remainder when 477 is divided by p(14)?
12
Let d(q) be the third derivative of -1/4*q**4 + 0*q - 1/15*q**5 + 0 - 1/3*q**3 - 1/120*q**6 + 6*q**2. What is the remainder when 22 is divided by d(-3)?
1
Suppose 3*c = 4*c + 2*p - 91, -3*c = -3*p - 228. What is the remainder when c is divided by 17?
13
Let u(p) = -7*p - 9. Let z be u(2). Suppose 0 = 2*w - 3*w - 34. Let c = z - w. What is the remainder when 97 is divided by c?
9
Let s(o) = o**3 + 21*o**2 + 26*o + 606. What is the remainder when 1376 is divided by s(-21)?
56
Let w(x) = x**3 + 5*x**2 - 5*x - 4. Let i be w(-6). Let q be i/6 + 330/(-45). Let u = 49 - q. What is the remainder when u is divided by 20?
18
Let y(g) = -4*g**3 - 14*g**2 + 3*g + 25. Let n(i) = -i**3 - 5*i**2 + i + 8. Let o(c) = 7*n(c) - 2*y(c). Calculate the remainder when 15 is divided by o(7).
2
Let x be ((-4)/3)/((-6)/(-90) + 0). Let t = x - 99. Calculate the remainder when 77 is divided by (t/(-3) - -1) + 6/(-9).
37
Let w(p) = p**2 + 2. Let i(m) = 3*m**2 + 20*m - 6. Let j(h) = -i(h) + 2*w(h). What is the remainder when 67 is divided by j(-20)?
7
Suppose 5*h + 71 = 101. Suppose h = f - 227. What is the remainder when f is divided by 78?
77
Suppose 4*z - 2*s - 92 = 2*z, 0 = 4*z - 2*s - 182. Suppose -50105 = -603*u + 7783. Calculate the remainder when u is divided by z.
6
Suppose 1698 = d + 2*u, 2*u - 8434 = 124*d - 129*d. What is the remainder when d is divided by 35?
4
Suppose -2*w - 2*w - 356 = 0. Let t = 113 + w. Calculate the remainder when 90 is divided by t.
18
Let d = 725948 + -725873. Let g = 4 - 2. Suppose -3*o - 5*u + 36 = 0, g*o + 0*u = -3*u + 23. What is the remainder when d is divided by o?
5
Suppose 5*s - 20 = 0, 2*d = s - 64 - 352. Suppose -4*h + 8 = -8. Calculate the remainder when d/927 - (-1 + (-58)/18) is divided by h.
0
Let k(s) = s**3 - 25*s**2 + 136*s + 22. What is the remainder when 345 is divided by k(8)?
15
Let t(w) be the first derivative of 4 - 8*w + 19 - 11*w - 9*w**2 + 6*w. Calculate the remainder when t(-2) is divided by 7.
2
Let f(n) = n**3 - 4*n**2 + 11. Suppose -3*i + 5*t = 10, -5 = 2*t - 9. What is the remainder when 47 is divided by f(i)?
3
Let t(o) = -o**2 + 18*o - 3. Let k be t(19). Let a = 33 + k. Suppose -2*n = -45 - a. Calculate the remainder when n is divided by 10.
8
Suppose 297 = 11*r + 16*r. Suppose -r*j = -15*j + 1036. Calculate the remainder when j is divided by 13.
12
Let a = 385 + -382. Suppose -19 = -x + a*h, 2*x - 70 = -4*h + 2*h. Calculate the remainder when 90 is divided by x.
28
Suppose 27*h - 28*h = 2. Suppose 0 = 3*t - 4*u - 141, -4*t + 4*u = 2*u - 188. What is the remainder when t is divided by (h - -5)/3 - -11?
11
Let b = -2612 + 2621. What is the remainder when 628 is divided by b?
7
Let m be (-2)/(-30) + (-2157)/(-45). Suppose m = 4*t - 36. Calculate the remainder when 56 is divided by t.
14
Let j = 98 + -97. Suppose -3*o + 5*q = -102, -154 = -4*o - o + 3*q. What is the remainder when o is divided by -2 - j/((-6)/108)?
13
Let p(r) = 2*r**2 + 4*r - 4. Let b be p(3). Let j = b - 18. Let f(k) = 84*k + 4642. Calculate the remainder when f(-55) is divided by j.
6
Let y = -119 + 127. Calculate the remainder when -54*22/44*1*-2 is divided by y.
6
Let m(b) be the second derivative of -10*b**3/3 - 151*b**2/2 - 18*b. What is the remainder when m(-24) is divided by 22?
21
Let w = -15 + 261. Let p = -235 + w. Calculate the remainder when 85 is divided by p.
8
Let w(i) = -49*i + 157. Let u be w(-9). Suppose 0 = 7*b - 8*b + u. Calculate the remainder when b is divided by 100.
98
What is the remainder when 1021 is divided by (-15 - (-5423)/255)*15?
81
Let r(x) = -94*x + 2398. What is the remainder when r(21) is divided by 103?
12
Let b(i) = -i**3 - 60*i**2 + 121*i - 171. What is the remainder when 192 is divided by b(-62)?
12
Suppose -201*z + 236*z - 560 = 0. Suppose 8 = 7*b - 3*b. Suppose -5*q + b*q + 18 = 0. Calculate the remainder when z is divided by q.
4
Suppose -2*h - 12*a + 2951 = -1837, -4*a - 7094 = -3*h. What is the remainder when h is divided by 95?
90
Calculate the remainder when 3900 is divided by 12452/99 - (-10)/(-45)*-1.
120
Let t(n) = 5*n + 127. Let c(v) = -3. Let q(g) = -5*c(g) + t(g). Calculate the remainder when q(-21) is divided by 17.
3
Let h = 7833 + -7418. Calculate the remainder when h is divided by 100.
15
Let w = -19774 - -20127. Calculate the remainder when 5993 is divided by w.
345
Let x = 12587 - 12449. What is the remainder when x is divided by 11?
6
Suppose -2*q = -3*k + 892 + 6634, -2*k - 2*q + 5024 = 0. Calculate the remainder when k is divided by 2499.
11
What is the remainder when (5 - 301)/((-12)/153) is divided by 32?
30
Let y = 29 + -53. Suppose 3*r + 3*t - 180 = 0, -2*r - 3*t + 26 + 95 = 0. Let i = r + y. What is the remainder when i is divided by 18?
17
Suppose 0 = 6*y - 9*y - h + 7, h + 25 = 5*y. What is the remainder when (3 - 1364/(-12)) + y/12 is divided by 32?
21
Suppose 7415 - 20855 = 199*p - 479*p. Calculate the remainder when 620 is divided by p.
44
Let m(r) = 100*r + 1239. Calculate the remainder when 4287 is divided by m(-12).
36
Suppose s + 52 = 7. Suppose 2*y + 21 = 103. What is the remainder when y is divided by (-27)/s*(35 + 0)?
20
Let n be (2/(-4) + (-212)/(-8))*1. Suppose n*s - 300 = 38. Calculate the remainder when 20 is divided by s.
7
Suppose 3*r + 5*f = -22, 2*r + 21 = -3*f + 6*f. Calculate the remainder when 61/(1*(6/r)/(-2)) is divided by 69.
45
Let y be ((-1276)/33)/(1/(-3)). Let q = y + -81. Suppose 776 + 84 = 5*p. Calculate the remainder when p is divided by q.
32
Suppose -5*n - 5*a - 623 = -2668, 0 = 2*a - 6. Suppose 18*s - n = 4*s. Let j = 8 + -2. Calculate the remainder when s is divided by j.
5
Let y be ((-195)/(-10))/((-6)/(-20)). Calculate the remainder when 76 is divided by 1703/y + 1/(-5).
24
Let t = 8 + 0. Suppose -q - 11*a + 14*a + 239 = 0, 3*a - 669 = -3*q. Let m = q + -206. Calculate the remainder when m is divided by t.
5
Calculate the remainder when (-8140)/(-11) - 465/31 is divided by 3.
2
Let m(z) = 339*z - 277. What is the remainder when m(3) is divided by 190?
170
Suppose 4*c + 3*i = 1108, 43*c - 44*c - 4*i + 290 = 0. Calculate the remainder when c is divided by 91.
1
What is the remainder when 167990/(-25)*(-10)/4 is divided by 350?
349
Suppose -2*t = 3*t + 5*r - 20, -t + 3*r = 0. Let d be 15/5 + 0/1 - t. Suppose 2*a - 10 = d, 3*k + 34 - 102 = -a. What is the remainder when 39 is divided by k?
18
Let i(q) = 30*q**2 + 15*q - 25. What is the remainder when i(-3) is divided by 18?
2
Suppose g = f + 10, 0 = 4*g + f + 153 - 198. What is the remainder when g is divided by (2/6)/(-4 + (-111)/(-27))?
2
Let f = -235 - -282. Suppose 41*k - f*k + 720 = 0. Let n(o) = -o**3 - 2*o**2 + 8*o + 6. What is the remainder when k is divided by n(-5)?
38
Let v = -21147 - -21541. Calculate the remainder when v is divided by 7.
2
Let v(n) be the third derivative of n**5/30 + n**3 - 3*n**2. Let h(d) = 3*d**2 - d - 1. Calculate the remainder when v(-4) is divided by h(-2).
12
Suppose 3*c + 5*n - 56 = 0, -11 = -2*c + 5*n + 18. Suppose 306 = -c*h + 26*h. Let w = 58 + 7. What is the remainder when w is divided by h?
31
Suppose -5*p - 3*k = -6, -4*p - 2 + 0 = -k. Let m(h) = 2*h**2 + 3*h + 2. Let s be m(p). Calculate the remainder when 3 is divided by s/(2/4*2).
1
Let n(k) = 2*k**3 + 5*k**2 - 3*k + 3. Let y(u) = u**2 - 18*u + 19. Let r be y(17). What is the remainder when 263 is divided by n(r)?
32
Let r(g) = -9*g + 117. Let p be r(7). Let q = -25 + p. What is the remainder when 168 is divided by q?
23
Calculate the remainder when 526